{"id":3793,"date":"2024-05-10T20:37:27","date_gmt":"2024-05-10T20:37:27","guid":{"rendered":"https:\/\/1000toncar.com.br\/oficina\/?page_id=3793"},"modified":"2024-05-10T22:26:28","modified_gmt":"2024-05-10T22:26:28","slug":"servicos","status":"publish","type":"page","link":"https:\/\/1000toncar.com.br\/oficina\/servicos\/","title":{"rendered":"Servi\u00e7os"},"content":{"rendered":"<p>[vc_row][vc_column]    \t<section class=\"leaf-post-grid shortcode-grid-1728 \" data-delay=\"0\">\n        <div class=\"post-grid-wrap\">\n        \t<div class=\"row\">\n\t\t\t\t                        <div class=\"post-grid-item col-md-4 col-sm-6\">\n                            <div class=\"post-grid-item-inner\">\n                                <div class=\"post-grid-item-thumbnail\">\n                                    <a href=\"https:\/\/1000toncar.com.br\/oficina\/mecanica-em-geral\/\" title=\"Mec\u00e2nica em Geral\" >\n                                                                                <img loading=\"lazy\" decoding=\"async\" src=\"https:\/\/1000toncar.com.br\/oficina\/wp-content\/uploads\/2024\/05\/geral1-500x500.jpg\" width=\"500\" height=\"500\" title=\"Mec\u00e2nica em Geral\" alt=\"Mec\u00e2nica em Geral\">\n                                    <\/a>\n                                <\/div>\n                                <div class=\"post-grid-item-content\">\n                                    <a class=\"btn skew-btn btn-primary btn-lg has-icon post-grid-button\" href=\"https:\/\/1000toncar.com.br\/oficina\/mecanica-em-geral\/\" title=\"Mec\u00e2nica em Geral\">\n                                        <span class=\"btn-text\">Mec\u00e2nica em Geral<\/span>\n                                        <span class=\"btn-icon\"><i class=\"fa fa-chevron-right\"><\/i><\/span>\n                                    <\/a>\n                                <\/div>\n                            <\/div><!--inner-->\n                        <\/div><!--\/post-grid-item-->\n\n                                            <div class=\"post-grid-item col-md-4 col-sm-6\">\n                            <div class=\"post-grid-item-inner\">\n                                <div class=\"post-grid-item-thumbnail\">\n                                    <a href=\"https:\/\/1000toncar.com.br\/oficina\/troca-de-bateria-automotiva\/\" title=\"Troca de Bateria\" >\n                                                                                <img loading=\"lazy\" decoding=\"async\" src=\"https:\/\/1000toncar.com.br\/oficina\/wp-content\/uploads\/2024\/05\/shutterstock_1674691225_Easy-Resize.com_-500x500.jpg\" width=\"500\" height=\"500\" title=\"Troca de Bateria\" alt=\"Troca de Bateria\">\n                                    <\/a>\n                                <\/div>\n                                <div class=\"post-grid-item-content\">\n                                    <a class=\"btn skew-btn btn-primary btn-lg has-icon post-grid-button\" href=\"https:\/\/1000toncar.com.br\/oficina\/troca-de-bateria-automotiva\/\" title=\"Troca de Bateria\">\n                                        <span class=\"btn-text\">Troca de Bateria<\/span>\n                                        <span class=\"btn-icon\"><i class=\"fa fa-chevron-right\"><\/i><\/span>\n                                    <\/a>\n                                <\/div>\n                            <\/div><!--inner-->\n                        <\/div><!--\/post-grid-item-->\n\n                                            <div class=\"post-grid-item col-md-4 col-sm-6\">\n                            <div class=\"post-grid-item-inner\">\n                                <div class=\"post-grid-item-thumbnail\">\n                                    <a href=\"https:\/\/1000toncar.com.br\/oficina\/cambio-automatico\/\" title=\"C\u00e2mbio Autom\u00e1tico\" >\n                                                                                <img loading=\"lazy\" decoding=\"async\" src=\"https:\/\/1000toncar.com.br\/oficina\/wp-content\/uploads\/2024\/05\/como-destravar-cambio-automatico_1-scaled-1-500x500.jpg\" width=\"500\" height=\"500\" title=\"C\u00e2mbio Autom\u00e1tico\" alt=\"C\u00e2mbio Autom\u00e1tico\">\n                                    <\/a>\n                                <\/div>\n                                <div class=\"post-grid-item-content\">\n                                    <a class=\"btn skew-btn btn-primary btn-lg has-icon post-grid-button\" href=\"https:\/\/1000toncar.com.br\/oficina\/cambio-automatico\/\" title=\"C\u00e2mbio Autom\u00e1tico\">\n                                        <span class=\"btn-text\">C\u00e2mbio Autom\u00e1tico<\/span>\n                                        <span class=\"btn-icon\"><i class=\"fa fa-chevron-right\"><\/i><\/span>\n                                    <\/a>\n                                <\/div>\n                            <\/div><!--inner-->\n                        <\/div><!--\/post-grid-item-->\n\n                                            <div class=\"post-grid-item col-md-4 col-sm-6\">\n                            <div class=\"post-grid-item-inner\">\n                                <div class=\"post-grid-item-thumbnail\">\n                                    <a href=\"https:\/\/1000toncar.com.br\/oficina\/eletrica-automotiva\/\" title=\"El\u00e9trica Automotiva\" >\n                                                                                <img loading=\"lazy\" decoding=\"async\" src=\"https:\/\/1000toncar.com.br\/oficina\/wp-content\/uploads\/2024\/05\/revisao-500x500.jpg\" width=\"500\" height=\"500\" title=\"El\u00e9trica Automotiva\" alt=\"El\u00e9trica Automotiva\">\n                                    <\/a>\n                                <\/div>\n                                <div class=\"post-grid-item-content\">\n                                    <a class=\"btn skew-btn btn-primary btn-lg has-icon post-grid-button\" href=\"https:\/\/1000toncar.com.br\/oficina\/eletrica-automotiva\/\" title=\"El\u00e9trica Automotiva\">\n                                        <span class=\"btn-text\">El\u00e9trica Automotiva<\/span>\n                                        <span class=\"btn-icon\"><i class=\"fa fa-chevron-right\"><\/i><\/span>\n                                    <\/a>\n                                <\/div>\n                            <\/div><!--inner-->\n                        <\/div><!--\/post-grid-item-->\n\n                                            <div class=\"post-grid-item col-md-4 col-sm-6\">\n                            <div class=\"post-grid-item-inner\">\n                                <div class=\"post-grid-item-thumbnail\">\n                                    <a href=\"https:\/\/1000toncar.com.br\/oficina\/troca-de-pneus\/\" title=\"Troca de Pneus\" >\n                                                                                <img loading=\"lazy\" decoding=\"async\" src=\"https:\/\/1000toncar.com.br\/oficina\/wp-content\/uploads\/2024\/05\/Pneunovo-trocadepneu-500x500.jpg\" width=\"500\" height=\"500\" title=\"Troca de Pneus\" alt=\"Troca de Pneus\">\n                                    <\/a>\n                                <\/div>\n                                <div class=\"post-grid-item-content\">\n                                    <a class=\"btn skew-btn btn-primary btn-lg has-icon post-grid-button\" href=\"https:\/\/1000toncar.com.br\/oficina\/troca-de-pneus\/\" title=\"Troca de Pneus\">\n                                        <span class=\"btn-text\">Troca de Pneus<\/span>\n                                        <span class=\"btn-icon\"><i class=\"fa fa-chevron-right\"><\/i><\/span>\n                                    <\/a>\n                                <\/div>\n                            <\/div><!--inner-->\n                        <\/div><!--\/post-grid-item-->\n\n                                            <div class=\"post-grid-item col-md-4 col-sm-6\">\n                            <div class=\"post-grid-item-inner\">\n                                <div class=\"post-grid-item-thumbnail\">\n                                    <a href=\"https:\/\/1000toncar.com.br\/oficina\/funilaria-e-pintura\/\" title=\"Funilaria e Pintura\" >\n                                                                                <img loading=\"lazy\" decoding=\"async\" src=\"https:\/\/1000toncar.com.br\/oficina\/wp-content\/uploads\/2024\/05\/o-que-e-uma-funilaria-e-pintura-500x500.jpg\" width=\"500\" height=\"500\" title=\"Funilaria e Pintura\" alt=\"Funilaria e Pintura\">\n                                    <\/a>\n                                <\/div>\n                                <div class=\"post-grid-item-content\">\n                                    <a class=\"btn skew-btn btn-primary btn-lg has-icon post-grid-button\" href=\"https:\/\/1000toncar.com.br\/oficina\/funilaria-e-pintura\/\" title=\"Funilaria e Pintura\">\n                                        <span class=\"btn-text\">Funilaria e Pintura<\/span>\n                                        <span class=\"btn-icon\"><i class=\"fa fa-chevron-right\"><\/i><\/span>\n                                    <\/a>\n                                <\/div>\n                            <\/div><!--inner-->\n                        <\/div><!--\/post-grid-item-->\n\n                                <\/div><!--\/row-->\n        <\/div>\n\t<\/section><!--\/post-grid-->\n\t[\/vc_column][\/vc_row][vc_row][vc_column]<style id=\"wpforms-css-vars-3671\">\n\t\t\t\t#wpforms-3671 {\n\t\t\t\t\n\t\t\t}\n\t\t\t<\/style><div class=\"wpforms-container wpforms-container-full wpforms-render-modern\" id=\"wpforms-3671\"><form id=\"wpforms-form-3671\" class=\"wpforms-validate wpforms-form wpforms-ajax-form\" data-formid=\"3671\" method=\"post\" enctype=\"multipart\/form-data\" action=\"\/oficina\/wp-json\/wp\/v2\/pages\/3793\" data-token=\"a32315edfc4429ddfade62be9be818f3\" data-token-time=\"1776517986\"><noscript class=\"wpforms-error-noscript\">Ative o JavaScript no seu navegador para preencher este formul\u00e1rio.<\/noscript><div id=\"wpforms-error-noscript\" style=\"display: none;\">Ative o JavaScript no seu navegador para preencher este formul\u00e1rio.<\/div><div class=\"wpforms-field-container\"><div id=\"wpforms-3671-field_0-container\" class=\"wpforms-field wpforms-field-name\" data-field-id=\"0\"><fieldset><legend class=\"wpforms-field-label\">Nome <span class=\"wpforms-required-label\" aria-hidden=\"true\">*<\/span><\/legend><div class=\"wpforms-field-row wpforms-field-medium\"><div class=\"wpforms-field-row-block wpforms-first wpforms-one-half\"><input type=\"text\" id=\"wpforms-3671-field_0\" class=\"wpforms-field-name-first wpforms-field-required\" name=\"wpforms[fields][0][first]\" aria-errormessage=\"wpforms-3671-field_0-error\" required><label for=\"wpforms-3671-field_0\" class=\"wpforms-field-sublabel after\">Nome<\/label><\/div><div class=\"wpforms-field-row-block wpforms-one-half\"><input type=\"text\" id=\"wpforms-3671-field_0-last\" class=\"wpforms-field-name-last wpforms-field-required\" name=\"wpforms[fields][0][last]\" aria-errormessage=\"wpforms-3671-field_0-last-error\" required><label for=\"wpforms-3671-field_0-last\" class=\"wpforms-field-sublabel after\">Sobrenome<\/label><\/div><\/div><\/fieldset><\/div><div id=\"wpforms-3671-field_1-container\" class=\"wpforms-field wpforms-field-email\" data-field-id=\"1\"><label class=\"wpforms-field-label\" for=\"wpforms-3671-field_1\">E-mail <span class=\"wpforms-required-label\" aria-hidden=\"true\">*<\/span><\/label><input type=\"email\" id=\"wpforms-3671-field_1\" class=\"wpforms-field-medium wpforms-field-required\" name=\"wpforms[fields][1]\" spellcheck=\"false\" aria-errormessage=\"wpforms-3671-field_1-error\" required><\/div><div id=\"wpforms-3671-field_2-container\" class=\"wpforms-field wpforms-field-textarea\" data-field-id=\"2\"><label class=\"wpforms-field-label\" for=\"wpforms-3671-field_2\">Coment\u00e1rio ou Mensagem<\/label><textarea id=\"wpforms-3671-field_2\" class=\"wpforms-field-medium\" name=\"wpforms[fields][2]\" aria-errormessage=\"wpforms-3671-field_2-error\" ><\/textarea><\/div><\/div><!-- .wpforms-field-container --><div class=\"wpforms-submit-container\" ><input type=\"hidden\" name=\"wpforms[id]\" value=\"3671\"><input type=\"hidden\" name=\"page_title\" value=\"\"><input type=\"hidden\" name=\"page_url\" value=\"https:\/\/1000toncar.com.br\/oficina\/wp-json\/wp\/v2\/pages\/3793\"><input type=\"hidden\" name=\"url_referer\" value=\"\"><button type=\"submit\" name=\"wpforms[submit]\" id=\"wpforms-submit-3671\" class=\"wpforms-submit\" data-alt-text=\"Enviando\u2026\" data-submit-text=\"Enviar\" aria-live=\"assertive\" value=\"wpforms-submit\">Enviar<\/button><img loading=\"lazy\" decoding=\"async\" src=\"https:\/\/1000toncar.com.br\/oficina\/wp-content\/plugins\/wpforms-lite\/assets\/images\/submit-spin.svg\" class=\"wpforms-submit-spinner\" style=\"display: none;\" width=\"26\" height=\"26\" alt=\"Carregando\"><\/div><\/form><\/div>  <!-- .wpforms-container -->[\/vc_column][\/vc_row]<\/p>\n","protected":false},"excerpt":{"rendered":"<p>[vc_row][vc_column][\/vc_column][\/vc_row][vc_row][vc_column][\/vc_column][\/vc_row]<\/p>\n","protected":false},"author":1,"featured_media":0,"parent":0,"menu_order":0,"comment_status":"closed","ping_status":"closed","template":"","meta":{"footnotes":""},"yoast_head":"<!-- This site is optimized with the Yoast SEO plugin v22.6 - https:\/\/yoast.com\/wordpress\/plugins\/seo\/ -->\n<title>Servi\u00e7os - Oficina Mec\u00e2nica 1000toncar - Lapa - S\u00e3o Paulo<\/title>\n<meta name=\"robots\" content=\"index, follow, max-snippet:-1, max-image-preview:large, max-video-preview:-1\" \/>\n<link rel=\"canonical\" href=\"https:\/\/1000toncar.com.br\/oficina\/servicos\/\" \/>\n<meta property=\"og:locale\" content=\"pt_BR\" \/>\n<meta property=\"og:type\" content=\"article\" \/>\n<meta property=\"og:title\" content=\"Servi\u00e7os - Oficina Mec\u00e2nica 1000toncar - Lapa - S\u00e3o Paulo\" \/>\n<meta property=\"og:description\" content=\"[vc_row][vc_column][\/vc_column][\/vc_row][vc_row][vc_column][\/vc_column][\/vc_row]\" \/>\n<meta property=\"og:url\" content=\"https:\/\/1000toncar.com.br\/oficina\/servicos\/\" \/>\n<meta property=\"og:site_name\" content=\"Oficina Mec\u00e2nica 1000toncar - Lapa - S\u00e3o Paulo\" \/>\n<meta property=\"article:modified_time\" content=\"2024-05-10T22:26:28+00:00\" \/>\n<meta name=\"twitter:card\" content=\"summary_large_image\" \/>\n<script type=\"application\/ld+json\" class=\"yoast-schema-graph\">{\"@context\":\"https:\/\/schema.org\",\"@graph\":[{\"@type\":\"WebPage\",\"@id\":\"https:\/\/1000toncar.com.br\/oficina\/servicos\/\",\"url\":\"https:\/\/1000toncar.com.br\/oficina\/servicos\/\",\"name\":\"Servi\u00e7os - Oficina Mec\u00e2nica 1000toncar - Lapa - S\u00e3o Paulo\",\"isPartOf\":{\"@id\":\"https:\/\/1000toncar.com.br\/oficina\/#website\"},\"datePublished\":\"2024-05-10T20:37:27+00:00\",\"dateModified\":\"2024-05-10T22:26:28+00:00\",\"breadcrumb\":{\"@id\":\"https:\/\/1000toncar.com.br\/oficina\/servicos\/#breadcrumb\"},\"inLanguage\":\"pt-BR\",\"potentialAction\":[{\"@type\":\"ReadAction\",\"target\":[\"https:\/\/1000toncar.com.br\/oficina\/servicos\/\"]}]},{\"@type\":\"BreadcrumbList\",\"@id\":\"https:\/\/1000toncar.com.br\/oficina\/servicos\/#breadcrumb\",\"itemListElement\":[{\"@type\":\"ListItem\",\"position\":1,\"name\":\"In\u00edcio\",\"item\":\"https:\/\/1000toncar.com.br\/oficina\/\"},{\"@type\":\"ListItem\",\"position\":2,\"name\":\"Servi\u00e7os\"}]},{\"@type\":\"WebSite\",\"@id\":\"https:\/\/1000toncar.com.br\/oficina\/#website\",\"url\":\"https:\/\/1000toncar.com.br\/oficina\/\",\"name\":\"Oficina Mec\u00e2nica 1000toncar - Lapa - S\u00e3o Paulo\",\"description\":\"Centro Automotivo, Troca de \u00d3leo, Mec\u00e2nica para carros\",\"publisher\":{\"@id\":\"https:\/\/1000toncar.com.br\/oficina\/#organization\"},\"potentialAction\":[{\"@type\":\"SearchAction\",\"target\":{\"@type\":\"EntryPoint\",\"urlTemplate\":\"https:\/\/1000toncar.com.br\/oficina\/?s={search_term_string}\"},\"query-input\":\"required name=search_term_string\"}],\"inLanguage\":\"pt-BR\"},{\"@type\":\"Organization\",\"@id\":\"https:\/\/1000toncar.com.br\/oficina\/#organization\",\"name\":\"Oficina Mec\u00e2nica 1000toncar - Lapa - S\u00e3o Paulo\",\"url\":\"https:\/\/1000toncar.com.br\/oficina\/\",\"logo\":{\"@type\":\"ImageObject\",\"inLanguage\":\"pt-BR\",\"@id\":\"https:\/\/1000toncar.com.br\/oficina\/#\/schema\/logo\/image\/\",\"url\":\"https:\/\/1000toncar.com.br\/oficina\/wp-content\/uploads\/2024\/05\/logo1000.png\",\"contentUrl\":\"https:\/\/1000toncar.com.br\/oficina\/wp-content\/uploads\/2024\/05\/logo1000.png\",\"width\":244,\"height\":86,\"caption\":\"Oficina Mec\u00e2nica 1000toncar - Lapa - S\u00e3o Paulo\"},\"image\":{\"@id\":\"https:\/\/1000toncar.com.br\/oficina\/#\/schema\/logo\/image\/\"},\"sameAs\":[\"https:\/\/www.instagram.com\/1000toncar__\"]}]}<\/script>\n<!-- \/ Yoast SEO plugin. -->","yoast_head_json":{"title":"Servi\u00e7os - Oficina Mec\u00e2nica 1000toncar - Lapa - S\u00e3o Paulo","robots":{"index":"index","follow":"follow","max-snippet":"max-snippet:-1","max-image-preview":"max-image-preview:large","max-video-preview":"max-video-preview:-1"},"canonical":"https:\/\/1000toncar.com.br\/oficina\/servicos\/","og_locale":"pt_BR","og_type":"article","og_title":"Servi\u00e7os - Oficina Mec\u00e2nica 1000toncar - Lapa - S\u00e3o Paulo","og_description":"[vc_row][vc_column][\/vc_column][\/vc_row][vc_row][vc_column][\/vc_column][\/vc_row]","og_url":"https:\/\/1000toncar.com.br\/oficina\/servicos\/","og_site_name":"Oficina Mec\u00e2nica 1000toncar - Lapa - S\u00e3o Paulo","article_modified_time":"2024-05-10T22:26:28+00:00","twitter_card":"summary_large_image","schema":{"@context":"https:\/\/schema.org","@graph":[{"@type":"WebPage","@id":"https:\/\/1000toncar.com.br\/oficina\/servicos\/","url":"https:\/\/1000toncar.com.br\/oficina\/servicos\/","name":"Servi\u00e7os - Oficina Mec\u00e2nica 1000toncar - Lapa - S\u00e3o Paulo","isPartOf":{"@id":"https:\/\/1000toncar.com.br\/oficina\/#website"},"datePublished":"2024-05-10T20:37:27+00:00","dateModified":"2024-05-10T22:26:28+00:00","breadcrumb":{"@id":"https:\/\/1000toncar.com.br\/oficina\/servicos\/#breadcrumb"},"inLanguage":"pt-BR","potentialAction":[{"@type":"ReadAction","target":["https:\/\/1000toncar.com.br\/oficina\/servicos\/"]}]},{"@type":"BreadcrumbList","@id":"https:\/\/1000toncar.com.br\/oficina\/servicos\/#breadcrumb","itemListElement":[{"@type":"ListItem","position":1,"name":"In\u00edcio","item":"https:\/\/1000toncar.com.br\/oficina\/"},{"@type":"ListItem","position":2,"name":"Servi\u00e7os"}]},{"@type":"WebSite","@id":"https:\/\/1000toncar.com.br\/oficina\/#website","url":"https:\/\/1000toncar.com.br\/oficina\/","name":"Oficina Mec\u00e2nica 1000toncar - Lapa - S\u00e3o Paulo","description":"Centro Automotivo, Troca de \u00d3leo, Mec\u00e2nica para carros","publisher":{"@id":"https:\/\/1000toncar.com.br\/oficina\/#organization"},"potentialAction":[{"@type":"SearchAction","target":{"@type":"EntryPoint","urlTemplate":"https:\/\/1000toncar.com.br\/oficina\/?s={search_term_string}"},"query-input":"required name=search_term_string"}],"inLanguage":"pt-BR"},{"@type":"Organization","@id":"https:\/\/1000toncar.com.br\/oficina\/#organization","name":"Oficina Mec\u00e2nica 1000toncar - Lapa - S\u00e3o Paulo","url":"https:\/\/1000toncar.com.br\/oficina\/","logo":{"@type":"ImageObject","inLanguage":"pt-BR","@id":"https:\/\/1000toncar.com.br\/oficina\/#\/schema\/logo\/image\/","url":"https:\/\/1000toncar.com.br\/oficina\/wp-content\/uploads\/2024\/05\/logo1000.png","contentUrl":"https:\/\/1000toncar.com.br\/oficina\/wp-content\/uploads\/2024\/05\/logo1000.png","width":244,"height":86,"caption":"Oficina Mec\u00e2nica 1000toncar - Lapa - S\u00e3o Paulo"},"image":{"@id":"https:\/\/1000toncar.com.br\/oficina\/#\/schema\/logo\/image\/"},"sameAs":["https:\/\/www.instagram.com\/1000toncar__"]}]}},"jetpack_sharing_enabled":true,"_links":{"self":[{"href":"https:\/\/1000toncar.com.br\/oficina\/wp-json\/wp\/v2\/pages\/3793"}],"collection":[{"href":"https:\/\/1000toncar.com.br\/oficina\/wp-json\/wp\/v2\/pages"}],"about":[{"href":"https:\/\/1000toncar.com.br\/oficina\/wp-json\/wp\/v2\/types\/page"}],"author":[{"embeddable":true,"href":"https:\/\/1000toncar.com.br\/oficina\/wp-json\/wp\/v2\/users\/1"}],"replies":[{"embeddable":true,"href":"https:\/\/1000toncar.com.br\/oficina\/wp-json\/wp\/v2\/comments?post=3793"}],"version-history":[{"count":3,"href":"https:\/\/1000toncar.com.br\/oficina\/wp-json\/wp\/v2\/pages\/3793\/revisions"}],"predecessor-version":[{"id":3833,"href":"https:\/\/1000toncar.com.br\/oficina\/wp-json\/wp\/v2\/pages\/3793\/revisions\/3833"}],"wp:attachment":[{"href":"https:\/\/1000toncar.com.br\/oficina\/wp-json\/wp\/v2\/media?parent=3793"}],"curies":[{"name":"wp","href":"https:\/\/api.w.org\/{rel}","templated":true}]}}